{"id":1859,"date":"2021-06-23T02:31:35","date_gmt":"2021-06-23T02:31:35","guid":{"rendered":"https:\/\/dev.afd-chile.cl\/?page_id=1859"},"modified":"2021-07-17T17:06:51","modified_gmt":"2021-07-17T17:06:51","slug":"mstim","status":"publish","type":"page","link":"https:\/\/afdamericas.com\/?page_id=1859","title":{"rendered":"MStim"},"content":{"rendered":"<p>[et_pb_section fb_built=\u00bb1&#8243; _builder_version=\u00bb4.7.7&#8243; _module_preset=\u00bbdefault\u00bb][et_pb_row _builder_version=\u00bb4.7.7&#8243; _module_preset=\u00bbdefault\u00bb][et_pb_column type=\u00bb4_4&#8243; _builder_version=\u00bb4.7.7&#8243; _module_preset=\u00bbdefault\u00bb][et_pb_text _builder_version=\u00bb4.7.7&#8243; _module_preset=\u00bbdefault\u00bb]<\/p>\n<h4><span style=\"color: #33cccc;\"><strong>MStim Drop LGT-233<\/strong><\/span><\/h4>\n<p style=\"text-align: justify;\">El MStim Drop LGT-233 es un dispositivo para la de ca\u00edda del pie que se puede llevar puesto, que consiste principalmente en una unidad de estimulaci\u00f3n, la aplicaci\u00f3n mobil MStim Drop, , electrodos y un vendaje para sujetarlo a la pierna.<\/p>\n<p>[\/et_pb_text][\/et_pb_column][\/et_pb_row][et_pb_row _builder_version=\u00bb4.7.7&#8243; _module_preset=\u00bbdefault\u00bb][et_pb_column type=\u00bb4_4&#8243; _builder_version=\u00bb4.7.7&#8243; _module_preset=\u00bbdefault\u00bb][et_pb_image src=\u00bbhttps:\/\/afdamericas.com\/wp-content\/uploads\/2021\/07\/01-1.png\u00bb title_text=\u00bb01&#8243; align=\u00bbcenter\u00bb _builder_version=\u00bb4.7.7&#8243; _module_preset=\u00bbdefault\u00bb][\/et_pb_image][\/et_pb_column][\/et_pb_row][et_pb_row _builder_version=\u00bb4.7.7&#8243; _module_preset=\u00bbdefault\u00bb][et_pb_column type=\u00bb4_4&#8243; _builder_version=\u00bb4.7.7&#8243; _module_preset=\u00bbdefault\u00bb][et_pb_text _builder_version=\u00bb4.7.7&#8243; _module_preset=\u00bbdefault\u00bb]<\/p>\n<p style=\"text-align: justify;\">Utilizando el principio de FES, destinado a proporcionar dorsiflexi\u00f3n del tobillo en personas adultas y pedi\u00e1tricas que tienen pie ca\u00eddo despu\u00e9s de una lesi\u00f3n o enfermedad del Sistema neuromotor superior. Durante la fase de balanceo de la marcha, estimula el\u00e9ctricamente los m\u00fasculos de la parte inferior de la pierna afectada para proporcionar dorsiflexi\u00f3n del pie. Puede mejorar la marcha, facilitar la reeducaci\u00f3n muscular, prevenir o retrasar la atrofia por desuso, mantener o aumentar el rango de movimiento de las articulaciones, disminuir el dolor y aumentar el flujo sangu\u00edneo local.<\/p>\n<p>[\/et_pb_text][\/et_pb_column][\/et_pb_row][et_pb_row _builder_version=\u00bb4.7.7&#8243; _module_preset=\u00bbdefault\u00bb][et_pb_column type=\u00bb4_4&#8243; _builder_version=\u00bb4.7.7&#8243; _module_preset=\u00bbdefault\u00bb][et_pb_image src=\u00bbhttps:\/\/afdamericas.com\/wp-content\/uploads\/2021\/07\/02.png\u00bb title_text=\u00bb02&#8243; align=\u00bbcenter\u00bb _builder_version=\u00bb4.7.7&#8243; _module_preset=\u00bbdefault\u00bb max_height=\u00bb250px\u00bb][\/et_pb_image][\/et_pb_column][\/et_pb_row][et_pb_row column_structure=\u00bb3_5,2_5&#8243; _builder_version=\u00bb4.7.7&#8243; _module_preset=\u00bbdefault\u00bb][et_pb_column type=\u00bb3_5&#8243; _builder_version=\u00bb4.7.7&#8243; _module_preset=\u00bbdefault\u00bb][et_pb_text _builder_version=\u00bb4.7.7&#8243; _module_preset=\u00bbdefault\u00bb]<\/p>\n<h4><span style=\"color: #33cccc;\"><strong>Tiene dos modos de tratamiento, modo entrenamiento y modo caminar. <\/strong><\/span><\/h4>\n<p style=\"text-align: justify;\">El modo caminar es una estimulaci\u00f3n el\u00e9ctrica que se realiza mientras se camina para restaurar la funci\u00f3n neuromotora; Puede ayudar a mantener una marcha normal al caminar, estimular al caminar y el entrenamiento repetido dejar\u00e1 huellas en la corteza cerebral. Al mismo tiempo, retroalimentar\u00e1 al sistema nervioso central y restaurar\u00e1 la funci\u00f3n neuromotora del cerebro.<\/p>\n<p>[\/et_pb_text][\/et_pb_column][et_pb_column type=\u00bb2_5&#8243; _builder_version=\u00bb4.7.7&#8243; _module_preset=\u00bbdefault\u00bb][et_pb_image src=\u00bbhttps:\/\/afdamericas.com\/wp-content\/uploads\/2021\/07\/03.png\u00bb title_text=\u00bb03&#8243; align=\u00bbcenter\u00bb _builder_version=\u00bb4.7.7&#8243; _module_preset=\u00bbdefault\u00bb][\/et_pb_image][\/et_pb_column][\/et_pb_row][et_pb_row column_structure=\u00bb1_4,3_4&#8243; _builder_version=\u00bb4.7.7&#8243; _module_preset=\u00bbdefault\u00bb][et_pb_column type=\u00bb1_4&#8243; _builder_version=\u00bb4.7.7&#8243; _module_preset=\u00bbdefault\u00bb][et_pb_image src=\u00bbhttps:\/\/afdamericas.com\/wp-content\/uploads\/2021\/07\/04.jpeg\u00bb title_text=\u00bb04&#8243; _builder_version=\u00bb4.7.7&#8243; _module_preset=\u00bbdefault\u00bb][\/et_pb_image][\/et_pb_column][et_pb_column type=\u00bb3_4&#8243; _builder_version=\u00bb4.7.7&#8243; _module_preset=\u00bbdefault\u00bb][et_pb_text _builder_version=\u00bb4.7.7&#8243; _module_preset=\u00bbdefault\u00bb]<\/p>\n<p style=\"text-align: justify;\">El modo de entrenamiento es la transici\u00f3n del entrenamiento pasivo al entrenamiento para caminar para pacientes que no pueden realizar un entrenamiento activo. Este modo se puede seleccionar para el entrenamiento muscular sentado o acostado, para acelerar la recuperaci\u00f3n muscular, retrasar la atrofia de la pantorrilla lesionada, mantener y mejorar el rango de movimiento en el tobillo y mejorar la circulaci\u00f3n sangu\u00ednea local.<\/p>\n<p>[\/et_pb_text][\/et_pb_column][\/et_pb_row][et_pb_row _builder_version=\u00bb4.7.7&#8243; _module_preset=\u00bbdefault\u00bb hover_enabled=\u00bb0&#8243; cvdb_content_visibility_check=\u00bbis_user_logged_in()\u00bb sticky_enabled=\u00bb0&#8243;][et_pb_column type=\u00bb4_4&#8243; _builder_version=\u00bb4.7.7&#8243; _module_preset=\u00bbdefault\u00bb][et_pb_button button_url=\u00bb@ET-DC@eyJkeW5hbWljIjp0cnVlLCJjb250ZW50IjoicG9zdF9saW5rX3VybF9hdHRhY2htZW50Iiwic2V0dGluZ3MiOnsicG9zdF9pZCI6IjIwMzEifX0=@\u00bb button_text=\u00bbDescargar folleto\u00bb _builder_version=\u00bb4.7.7&#8243; _dynamic_attributes=\u00bbbutton_url\u00bb _module_preset=\u00bbdefault\u00bb custom_button=\u00bbon\u00bb button_text_size=\u00bb14px\u00bb button_text_color=\u00bb#ffffff\u00bb button_bg_color=\u00bb#1fd7e0&#8243;][\/et_pb_button][\/et_pb_column][\/et_pb_row][\/et_pb_section]<\/p>\n","protected":false},"excerpt":{"rendered":"<p>[et_pb_section fb_built=\u00bb1&#8243; _builder_version=\u00bb4.7.7&#8243; _module_preset=\u00bbdefault\u00bb][et_pb_row _builder_version=\u00bb4.7.7&#8243; _module_preset=\u00bbdefault\u00bb][et_pb_column type=\u00bb4_4&#8243; _builder_version=\u00bb4.7.7&#8243; _module_preset=\u00bbdefault\u00bb][et_pb_text _builder_version=\u00bb4.7.7&#8243; _module_preset=\u00bbdefault\u00bb] MStim Drop LGT-233 El MStim Drop LGT-233 es un dispositivo para la de ca\u00edda del pie que se puede llevar puesto, que consiste principalmente en una unidad de estimulaci\u00f3n, la aplicaci\u00f3n mobil MStim Drop, , electrodos y un vendaje para sujetarlo a la pierna. [&hellip;]<\/p>\n","protected":false},"author":4,"featured_media":0,"parent":0,"menu_order":0,"comment_status":"closed","ping_status":"closed","template":"","meta":{"_et_pb_use_builder":"on","_et_pb_old_content":"<!-- wp:divi\/placeholder \/-->","_et_gb_content_width":"","footnotes":""},"class_list":["post-1859","page","type-page","status-publish","hentry"],"_links":{"self":[{"href":"https:\/\/afdamericas.com\/index.php?rest_route=\/wp\/v2\/pages\/1859","targetHints":{"allow":["GET"]}}],"collection":[{"href":"https:\/\/afdamericas.com\/index.php?rest_route=\/wp\/v2\/pages"}],"about":[{"href":"https:\/\/afdamericas.com\/index.php?rest_route=\/wp\/v2\/types\/page"}],"author":[{"embeddable":true,"href":"https:\/\/afdamericas.com\/index.php?rest_route=\/wp\/v2\/users\/4"}],"replies":[{"embeddable":true,"href":"https:\/\/afdamericas.com\/index.php?rest_route=%2Fwp%2Fv2%2Fcomments&post=1859"}],"version-history":[{"count":6,"href":"https:\/\/afdamericas.com\/index.php?rest_route=\/wp\/v2\/pages\/1859\/revisions"}],"predecessor-version":[{"id":2120,"href":"https:\/\/afdamericas.com\/index.php?rest_route=\/wp\/v2\/pages\/1859\/revisions\/2120"}],"wp:attachment":[{"href":"https:\/\/afdamericas.com\/index.php?rest_route=%2Fwp%2Fv2%2Fmedia&parent=1859"}],"curies":[{"name":"wp","href":"https:\/\/api.w.org\/{rel}","templated":true}]}}